Let v(d) = 21*d + 73. Determine v(-4).
-11
Let j(y) = -y**2 + y - 4. Give j(0).
-4
Let t(k) = -k**2 - 12*k + 291. Give t(-24).
3
Let m(a) = -10*a**2 + 137*a + 32. What is m(14)?
-10
Let f(c) = 16*c + 1. What is f(-2)?
-31
Let z(r) = r**3 - 6*r**2 + r - 52. What is z(7)?
4
Let k(s) = -7*s**2 - 245*s + 5. Determine k(-35).
5
Let y(f) = 4*f - 28. What is y(18)?
44
Let p(y) = -y**3 + y**2 - 12*y + 25. Determine p(2).
-3
Let d(b) = 3*b**3 + b**2 - 1. What is d(-2)?
-21
Let x(a) = a**3 - a**2 - 4. Determine x(-3).
-40
Let f(w) = 36*w**2 - w + 2. Determine f(1).
37
Let a(x) = 22*x**2 - 2*x. Give a(2).
84
Let b(x) = x**2 + 5*x - 3. What is b(1)?
3
Let s(z) = -4*z**2 + z + 16. What is s(4)?
-44
Let n(h) = -2*h**2 - 28*h - 64. What is n(-16)?
-128
Let u(a) = a**2 - 8*a + 1. Give u(6).
-11
Let g(v) = 28*v + 6. Calculate g(-3).
-78
Let x(i) = -34*i + 1. Determine x(1).
-33
Let x(u) = -u**3 + 3*u**2 + 2*u + 3. Calculate x(4).
-5
Let u(w) = 4*w**2 - 34*w + 18. Determine u(8).
2
Let i(k) = 13*k - 10. Determine i(2).
16
Let l(n) = 5*n**2 - n. What is l(1)?
4
Let h(w) = -10*w - 86. What is h(-9)?
4
Let y(z) = -171*z - 14. Calculate y(-1).
157
Let h(j) = -j - 25. Give h(0).
-25
Let l(z) = 2*z**2 + 2*z - 12. Calculate l(0).
-12
Let q(o) = o**2 + 13*o - 24. Determine q(-14).
-10
Let s(n) = -n**2 - 15*n - 42. Calculate s(-8).
14
Let n(b) = b. Give n(0).
0
Let v(r) = -r**3 - 41*r**2 - 82*r - 162. Calculate v(-39).
-6
Let c(n) = -n**2 + 8*n - 4. Determine c(5).
11
Let c(d) = 8*d - 7. What is c(4)?
25
Let b(i) = -i**3 - 2*i**2 + 9*i + 1. Determine b(-4).
-3
Let n(q) = q**3 - 5*q**2 + 6*q - 1. What is n(4)?
7
Let w(z) = 2*z - 5. Determine w(12).
19
Let z(j) = -2*j**2. What is z(3)?
-18
Let a(h) = -h**3 - 18*h**2 + 18*h - 24. What is a(-19)?
-5
Let j(r) = -24*r + 810. Calculate j(34).
-6
Let x(t) = 4*t + 17. What is x(0)?
17
Let q(h) = 7*h - 3. Give q(6).
39
Let l(b) = b**3 + 10*b**2 + 24*b + 2. What is l(-6)?
2
Let o(f) = -10*f - 16. Give o(-4).
24
Let c(d) = -d**3 - 4*d**2 - 8*d - 2. What is c(-3)?
13
Let h(v) = v**2 - 109*v + 420. Give h(4).
0
Let w(z) = z**2 - 28*z + 139. Determine w(6).
7
Let d(v) = -v**3 + 15*v**2 - 13*v + 23. Determine d(14).
37
Let d(r) = r**2 - 8*r - 22. What is d(11)?
11
Let d(w) = -w**2 - 25*w + 24. Determine d(-26).
-2
Let m(v) = -v**2 + 7*v + 11. What is m(9)?
-7
Let p(k) = -2*k**3 - 40*k**2 + 41*k - 20. Give p(-21).
1
Let y(d) = 5*d + 13. Give y(-4).
-7
Let j(a) = -9*a - 2. Give j(-2).
16
Let w(h) = h**2 - 9*h - 15. Give w(-5).
55
Let w(k) = 37*k - 256. What is w(7)?
3
Let y(s) = -s**2 - 6*s + 50. Determine y(-11).
-5
Let w(q) = q**2 + 9*q + 10. What is w(-7)?
-4
Let q(g) = -4*g - 56. Determine q(-15).
4
Let z(g) = 11*g + 10. Give z(-3).
-23
Let g(j) = -2*j**3 - 4*j**2 - 14*j - 8. Calculate g(-2).
20
Let z(w) = -3*w + 69. Give z(33).
-30
Let v(m) = m**2 - 8*m + 3. Calculate v(6).
-9
Let i(t) = -t**3 - 2*t**2 + 3*t - 13. Give i(-3).
-13
Let j(i) = 7*i**2 - 3*i - 3. Determine j(-1).
7
Let a(w) = w**3 + 8*w**2 + 3*w - 5. Determine a(-8).
-29
Let v(x) = 4*x - 19. Determine v(13).
33
Let b(y) = 13*y + 2. Determine b(-8).
-102
Let t(s) = 4*s**2 - s. Determine t(-1).
5
Let s(j) = -j**3 - 13*j**2 + 48*j + 7. Give s(-16).
7
Let t(q) = 7*q**2 + 38*q - 9. Calculate t(-6).
15
Let s(r) = r - 9. Determine s(10).
1
Let z(h) = 9*h - 6. Determine z(0).
-6
Let x(i) = 6*i + 4. Give x(5).
34
Let q(i) = i**2 - 13*i + 14. Determine q(10).
-16
Let z(q) = 7*q - 41. Calculate z(7).
8
Let f(y) = y - 34. Determine f(8).
-26
Let q(z) = z - 33. Determine q(25).
-8
Let d(k) = -k**3 - 3*k**2 + 207*k - 15. What is d(-16)?
1
Let o(p) = -p**3 - 8*p**2 + 12*p + 5. Calculate o(-9).
-22
Let r(k) = 3*k**2 - 5*k + 1. What is r(2)?
3
Let m(i) = i**2 - 5*i + 7. Calculate m(3).
1
Let x(y) = 52*y**3 - y. Give x(1).
51
Let p(l) = -5*l**3 + 39*l**2 + 8*l + 4. What is p(8)?
4
Let k(a) = 7*a**3 - 3*a**2 - 2*a - 2. Calculate k(-2).
-66
Let p(y) = -19*y**3 - 15*y**2 + 15*y. Give p(1).
-19
Let v(z) = -6*z - 7. Calculate v(0).
-7
Let d(u) = u**3 + 8*u**2 - 9*u - 6. Give d(-9).
-6
Let z(h) = 8*h + 35. Determine z(5).
75
Let h(z) = -3*z - 3. Give h(-2).
3
Let m(j) = -28*j + 199. Calculate m(7).
3
Let u(m) = -2*m**2 + 31*m - 35. Determine u(14).
7
Let q(v) = v + 20. What is q(-9)?
11
Let c(n) = 4*n + 97. Give c(-25).
-3
Let o(n) = 3*n**2 + 36*n + 10. Calculate o(-12).
10
Let k(u) = -6*u**2 + u + 2. Calculate k(-1).
-5
Let o(u) = -3*u**2 - 3*u - 4. Determine o(-3).
-22
Let x(o) = 3*o**2 - 13*o + 19. What is x(2)?
5
Let d(q) = 22*q + 351. Calculate d(-16).
-1
Let j(m) = 2*m + 35. Give j(-20).
-5
Let s(c) = -21*c - 207. What is s(-10)?
3
Let p(g) = -g**2 + 91*g - 1833. What is p(30)?
-3
Let f(h) = 8*h**2 + 2*h + 1. Give f(-1).
7
Let c(d) = d**2 - 3*d - 13. Calculate c(-3).
5
Let z(b) = 3*b**3 - 4*b**2 + 3*b - 4. Give z(3).
50
Let m(g) = g**3 + 4*g**2 - 6*g - 5. What is m(2)?
7
Let n(w) = 14*w**3 - 2*w**2 + 1. Calculate n(-1).
-15
Let x(j) = j**2 + 14*j - 20. Calculate x(-12).
-44
Let a(f) = -f**2 - 9*f - 6. Give a(-6).
12
Let f(s) = -4*s**2 + 8*s + 7. Calculate f(-1).
-5
Let u(s) = s**2 + 8*s - 20. Calculate u(-8).
-20
Let d(f) = -f**3 - 18*f**2 - 17*f + 9. Give d(-17).
9
Let r(i) = -2*i**3 + 45*i**2 - 57*i - 29. Determine r(21).
97
Let d(g) = g**2 + 11*g - 3. Calculate d(-11).
-3
Let z(c) = -11*c - 387. Determine z(-36).
9
Let w(o) = -199*o + 593. Give w(3).
-4
Let b(a) = 3*a**2 - 70*a + 33. Calculate b(22).
-55
Let q(v) = v**3 - 2*v**2 - 50. Determine q(0).
-50
Let t(y) = -y**3 + 4*y**2 + 2*y + 6. Give t(5).
-9
Let k(j) = j - 16. Calculate k(40).
24
Let d(k) = -9*k**2 + k. Give d(1).
-8
Let d(l) = -l**3 + 4. Calculate d(0).
4
Let c(z) = z**2 + 20*z - 31. What is c(-20)?
-31
Let f(v) = -v + 34. Give f(17).
17
Let i(t) = -59*t**2 + t + 1. Give i(1).
-57
Let q(t) = 3*t - 20. What is q(9)?
7
Let f(d) = -d**2 - 8*d + 5. Give f(-8).
5
Let w(n) = -4*n - 26. Give w(-6).
-2
Let d(l) = 2*l**2 + 13*l + 25. Determine d(-2).
7
Let p(q) = q**2 - 22*q - 59. Calculate p(23).
-36
Let i(n) = n**2 - 8*n + 12. Give i(7).
5
Let d(f) = f**2 + 7*f - 5. Determine d(-11).
39
Let f(s) = 55*s + 266. Determine f(-5).
-9
Let a(d) = -d**2 + 5*d + 1. What is a(3)?
7
Let q(h) = h**3 - 7*h**2 - 6*h - 22. Give q(8).
-6
Let u(r) = r**3 + 2*r**2 + r - 3. Calculate u(-4).
-39
Let w(k) = -k**3 - 5*k**2 + 13*k - 3. Determine w(-7).
4
Let x(a) = a**3 - 6*a**2 - 2*a - 3. Determine x(7).
32
Let s(q) = -q**2 + 111*q + 342. Determine s(-3).
0
Let b(z) = -z**3 - 14*z**2 - 7. Calculate b(-14).
-7
Let j(q) = -17*q - 106. Calculate j(-6).
-4
Let y(m) = m**3 + 5*m**2 - 7*m + 1. Give y(-6).
7
Let n(w) = 2*w - 28. Give n(29).
30
Let q(i) = i**2 - 2*i - 4. What is q(5)?
11
Let h(y) = -y**3 - 10*y**2 - 25*y - 34. Give h(-7).
-6
Let i(b) = -4*b + 24. What is i(8)?
-8
Let a(k) = -k**2 - 22. Calculate a(0).
-22
Let k(i) = -4*i - 35. Calculate k(-6).
-11
Let l(h) = -3*h**3 - 2*h**2 + 2*h - 1. Calculate l(1).
-4
Let c(z) = z**3 + 10*z**2 + 6*z - 5. Give c(-9).
22
Let s(r) = -r**3 - 49*r**2 - 96*r - 93. Calculate s(-47).
1
Let n(p) = -55*p + 1983. What is n(36)?
3
Let y(x) = -x**2 - x - 2. Give y(4).
-22
Let z(r) = 4*r**2 - r - 2. Calculate z(-1).
3
Let y(h) = 25*h**2 + 1. Calculate y(1).
26
Let z(p) = -2*p**3 + 14*p**2 - 8. What is z(7)?
-8
Let q(d) = d**2 - 6*d + 8. Determine q(7).
15
Let m(o) = o**3 + 11*o**2 - 10*o - 8. What is m(-12)?
-32
Let q(j) = 36*j + 322. Calculate q(-9).
-2
Let w(p) = -14*p + 51. Give w(10).
-89
Let n(g) = -2*g**3 + 2*g**2 - g + 4. Determine n(2).
-6
Let g(l) = l**2 - 2*l - 100. Calculate g(13).
43
Let p(o) = o**2 - 2*o. Give p(4).
8
Let a(v) = v**3 - 5*v**2 + 13*v - 69. Calculate a(5).
-4
Let g(j) = -j**2 + j - 1. Determine g(-3).
-13
Let g(u) = u**3 - 7*u**2 + 8*u - 8. Determine g(5).
-18
Let n(b) = -10*b - 16. What is n(-3)?
14
Let x(b) = b + 2. Determine x(-4).
-2
Let y(q) = 16*q + 170. Calculate y(-10).
10
Let v(y) = -2*y**2 + 16*y - 15. What is v(7)?
-1
Let t(b) = 11*b + 19. Give t(-2).
-3
Let v(g) = g**3 - 14*g**2 + 16*g - 31. What is v(13)?
8
Let s(j) = -j - 6. Give s(-11).
5
Let l(r) = -r**3 + 18*r**2 - 56*r. Calculate l(14).
0
Let a(j) = 2*j**3 + 35*j**2 - 19*j - 21. Give a(-18).
-3
Let c(f) = f + 42. What is c(-31)?
11
Let u(v) = -2*v**3 + 9*v**2 - 3*v - 12. Determine u(4).
-8
Let o(k) = -3*k - 3. What is 